 - 3*c**2 - c + 10. Determine u(-6).
-1
Suppose 4*y = 8*y + 24. Let a(o) = o + 11. Calculate a(y).
5
Let f(n) = 4*n + 8*n**2 - 3 + 6 - 6*n**2 + 4*n**2. Determine f(-2).
19
Let h(u) = u**2 - 8*u + 6. Let g(n) = 4*n - 3. Let j be g(7). Let v be (10/(-25))/((-1)/j). Suppose v = -0*o + 2*o. Calculate h(o).
-9
Let q(b) = -5*b**2 + b + 13. Let s(x) = 6*x**2 - x - 14. Let v(u) = 7*q(u) + 6*s(u). Suppose -5*h + 6*h = 0. Give v(h).
7
Let a = -10 + 9. Let b(h) = h. What is b(a)?
-1
Let v(d) = -3*d - 14. Let m be v(-6). Let n(j) = 4 - 7 - m*j + 6. Determine n(2).
-5
Let b be 1/(2*2/4). Let m(q) = 7*q**2 - q. Let i be m(b). Let y(a) = a**2 - 5*a + 2. Determine y(i).
8
Suppose -9*z + 12*z = 4*v + 13, -4*v - 4*z = 48. Let n(m) = m**3 + 5*m**2 - 11*m - 4. What is n(v)?
-25
Let v(w) be the first derivative of -w**2 - 2*w - 2. Let c be (-3)/9 - (-7)/3. Give v(c).
-6
Let b(l) = l**2 + 6*l + 9. Suppose -18 = -15*a + 18*a. Calculate b(a).
9
Let s(z) = 2*z. Let l(p) = 3*p. Let h(r) = 3*l(r) - 4*s(r). Give h(0).
0
Let l(y) be the third derivative of -y**4/24 - 5*y**3/3 - 3*y**2. Calculate l(-6).
-4
Let x(r) be the second derivative of r**3/3 - r**2/2 + r. Suppose -5 = -h - 2. Calculate x(h).
5
Suppose v - 7 = -4*h + 4, -h = 5*v - 17. Let q(k) = -3*k**3 + 4*k**2 - k - 2. What is q(h)?
-12
Let g(t) = -t - 3*t + 5*t + 2 + 0. Give g(-2).
0
Let l be (-20)/(-9) - (-4)/(-18). Let o(c) = 9*c**l - c**3 + 4 - 5*c + 3*c**2 - 7*c**2. Give o(4).
0
Let y(m) = m**2 + 6*m - 1. Suppose 0 = -f - 4 - 1. Give y(f).
-6
Let h(r) be the first derivative of -r**6/120 + 7*r**5/60 - 5*r**4/12 + 3*r**3/2 + 2*r**2 + 3. Let s(q) be the second derivative of h(q). Determine s(6).
-15
Let v = -18 - -12. Let s(a) = a**2 + 5*a + 2. Determine s(v).
8
Let g(b) = 2*b - 6*b - b**2 + b - 5 + 4. Let u(v) = v**2 - 6*v - 5. Let x be u(7). Suppose -5*s + x*o = -0*o + 11, 5*o + 1 = 3*s. What is g(s)?
-1
Let t be 4*((-10)/4)/(-5). Suppose -3*f = 4*v - 6*f + 3, 5*v - 4*f = -4. Let p(x) = v*x + 0*x - 3*x. Determine p(t).
-6
Let v(l) be the first derivative of -l**2/2 + l - 12. What is v(6)?
-5
Let j(s) be the second derivative of -s**5/20 - s**4/3 + s**3/6 + 3*s**2 - 9*s. Determine j(-5).
26
Let o(q) be the third derivative of -q**6/20 - q**3/6 + q**2. Suppose 5*a - 10 = 3*v, v - 4*a + 8 = -0. Let s be 2/2 - v/3. Calculate o(s).
-7
Let o(y) = -y**2 + 9*y - 5. Let a = -52 - -61. Give o(a).
-5
Let z = -6 + 9. Suppose 7*h = z*h. Suppose h = 3*r + r. Let x(g) = g**2 - 3. Give x(r).
-3
Suppose -4*s + 3*s = -2. Let w(r) = r - 1. Let v be w(s). Let o be ((-1)/v)/(1/(-2)). Let g(k) = -3*k - 1. Calculate g(o).
-7
Let f(z) = 1. Let w(q) = -3. Let p(b) = 5*f(b) + w(b). Let i(u) = u + 3. Let c(x) = -x**2 + 2*x - 3. Let y be c(2). Let r(g) = y*i(g) + 7*p(g). Give r(4).
-7
Let x(y) = -15*y**3 - 15*y**2 + 15*y + 19. Let h(m) = 7*m**3 + 7*m**2 - 7*m - 9. Let w(t) = 13*h(t) + 6*x(t). Let r be (-3 - -5) + (-1 - 1). Calculate w(r).
-3
Let y(h) = 0*h**3 + h - 2*h**2 - 4*h**2 - h**3 + 6. Let j(s) = -s**3 + 7*s**2 - 8*s - 4. Let x be j(5). Suppose w = 4*n - x, n = 5*w - 2*n + 30. Determine y(w).
0
Suppose 2*m - 5*u = 9, m - 7 = 2*u - 3. Let s(h) = 10*h - 41*h + 10*h + 3 + 15*h. Determine s(m).
-9
Let q(g) = -g**2 + 1 - 9*g + 0*g + 7*g + g**3 - g. Determine q(3).
10
Let z(y) = -2*y**3 + 3*y**2 - 2*y + 2. Let c be z(2). Let j(m) = 8*m + 6. Let g(o) = 18*o + 11. Let k(v) = -3*g(v) + 7*j(v). Give k(c).
-3
Let o(r) = -2 - 251*r**3 + 2*r + 129*r**3 - 2*r**2 + 123*r**3. What is o(2)?
2
Suppose x - 3 = 4*x. Let k(o) = 30*o - 1. Give k(x).
-31
Let g(x) = x**2 + 2*x. Let o be g(2). Let q(h) = -2*h**2 - 5*h - 7. Let m(f) = 3*f**2 + 7*f + 11. Let p(t) = o*q(t) + 5*m(t). What is p(-2)?
5
Let g(r) be the second derivative of 11*r**3/6 - r**2/2 + 7*r. Determine g(-1).
-12
Let p(g) = -5*g - 2*g + 5*g**3 - 7*g**2 - 8 - 6*g**3 + 0*g. Calculate p(-6).
-2
Let b(f) = -2*f + 2*f - 3*f + 2*f. Calculate b(2).
-2
Let v(h) = h + 1. Let a(x) = -3*x - 4. Let q be a(-4). Suppose 0 = 5*p + 28 - q. Calculate v(p).
-3
Let s(m) be the first derivative of -m**4/4 + 2*m**3 - 5*m**2/2 + 4*m - 3. Calculate s(5).
4
Suppose -15 = -3*g + 3*n, -6*g + 25 = -2*g - 5*n. Let u(f) = -f**2 + f + 3. Give u(g).
3
Let r(f) be the second derivative of f**3/3 + 5*f**2 + 14*f - 1. Calculate r(-8).
-6
Let v(n) be the first derivative of n**4/4 + n**3/3 - 3*n**2/2 - n - 4. What is v(-2)?
1
Let r(n) = -n - 9. Suppose s = 2*s + 2*v - 15, 2*s - v = 55. Suppose s = 5*y - 0*y + 5*k, 0 = -3*y - 4*k + 20. What is r(y)?
-9
Let q(r) = -r + 4. Let h be (0 - 0) + (-48 - 0). Let a = h - -84. Let l be ((-4)/(-3))/(8/a). What is q(l)?
-2
Suppose -17*y = -12*y - 30. Let k(s) = s**3 - 5*s**2 - 6*s. Give k(y).
0
Let r = 1 + 0. Let f be 18/(-27)*(-1 - 2). Let o(s) = -8*s - 1. Let h(k) = 41*k + 6. Let t(n) = f*h(n) + 11*o(n). Determine t(r).
-5
Let g(x) = -6*x**3 - 6*x**2 + 5 + 19*x**3 - 12*x**3 - 2*x. Determine g(6).
-7
Let z be 8/6 - (-28)/(-12). Let r(m) = -6*m. Calculate r(z).
6
Let n(f) be the first derivative of -3*f**2/2 + f + 2. What is n(1)?
-2
Let d be 80/45 - (-4)/18. Let i(z) = -z**3 + 3*z**d + 3*z + 5*z**2 - 11*z + 2 + 6. Calculate i(7).
1
Let o(t) = -t**2 - 10*t + 3. Let s be o(0). Let r(j) be the second derivative of -2*j**2 + j + 1/6*j**s + 0. Give r(0).
-4
Let i(d) be the second derivative of 4*d**3/3 + d**2/2 - 39*d. Calculate i(2).
17
Let g(l) be the first derivative of -l**2/2 - l + 16. What is g(6)?
-7
Let m(g) = -2*g + 1. Suppose 9*w - 2*n = 10*w - 12, 5*n - 24 = -w. Give m(w).
-7
Let q be ((-9)/(-6))/((-6)/8). Let o(h) = h**2 + 3*h + 3. Give o(q).
1
Let z(c) = -c + 3. Let s be (0 - 4/(-6))/(2/33). Calculate z(s).
-8
Let g(h) = 14*h**3 - h - 1. Let w be (-39)/33 - 2/(-11). Determine g(w).
-14
Let k(h) = 2256 + 9*h - 6*h**2 + h**3 - 2*h**3 - 2252. Calculate k(-7).
-10
Let t(o) = 6*o**3 + 9*o**2 - 8*o - 8. Let g(u) = -2*u**3 - 3*u**2 + 3*u + 3. Let x(c) = 8*g(c) + 3*t(c). Calculate x(-2).
-4
Let s(h) = -h**2 - h + 1. Let c(m) = m**2 - 2*m - 3. Let b(d) = -d + 10. Let p be b(6). Let t be c(p). Let k be 4/10 + 8/t. What is s(k)?
-5
Let s(f) be the second derivative of -f**4/12 - 5*f**3/6 + f**2 - 12*f. Let d = 7 + -10. Give s(d).
8
Let k(f) = -7*f**2 - 19*f - 17. Let g(v) = -10*v**2 - 28*v - 25. Let o(p) = 5*g(p) - 7*k(p). Suppose -2*y - 4 = -y. What is o(y)?
6
Let c(j) = 6*j - 2. Let x be (-155)/30 + (-2)/(-12). Let u(a) = -7*a + 2. Let b(i) = x*u(i) - 6*c(i). Suppose 5 = 3*w - 7. Give b(w).
-2
Let f(o) be the first derivative of -o**3/3 + 3*o**2/2 - o - 2. Let r(n) = n + 6. Let m be r(-7). Let a = m - -3. What is f(a)?
1
Let u(i) be the third derivative of -i**4/24 + 5*i**3/6 - 38*i**2. Calculate u(-5).
10
Let c(k) be the second derivative of -k**4/3 - k**2/2 + 48*k. Give c(2).
-17
Let n(q) = q**2 - q - 2. Let l = -64 - -66. What is n(l)?
0
Let y be 4/22 - (-31)/11. Let d(s) = 2*s**2 + s + 1. Let l be d(-1). Let j(z) = -4 + 5*z - 2*z**3 + z**y - 3*z**l + 7*z**2. Determine j(5).
-4
Let z(k) = -3*k. Suppose -4 = 3*o - 2*b, 20 = 4*b - 0*b. Calculate z(o).
-6
Suppose -6*p + 3 = -7*p. Let h(i) be the third derivative of i**4/24 + i**3/3 + i**2. Determine h(p).
-1
Let x = 27 - 40. Let p = -10 - x. Let d(t) = t**2 - 3*t - 4. What is d(p)?
-4
Let m(r) = -r + 1. Let h = -39 - -69. Let y be (2/(-6))/((-3)/9). Let x be (y/2)/((-3)/h). What is m(x)?
6
Let x(w) = -w + 16. Let b(o) = o - 1. Let s(z) = b(z) - x(z). Let i be s(12). Let h(d) = d - 4. Give h(i).
3
Let a(o) = o**2 + 38 - 32 + 3*o**2 + 7*o - 3*o**2. What is a(-4)?
-6
Let k(c) = 3*c + 2*c**2 - 3*c - 1 + 6*c**3. Let h(x) be the first derivative of x**4/4 + 8*x**3/3 + 3*x**2 - 8*x - 4. Let l be h(-7). Give k(l).
-5
Suppose 0 = 4*g + 5*m + 21, -2*m = -3*g - 6*m - 17. Let v = g - 3. Let y(c) be the first derivative of -3*c**2/2 - c - 4. Determine y(v).
5
Let s(f) be the second derivative of f**6/720 - f**5/20 + f**4/3 + 9*f. Let g(p) be the third derivative of s(p). Calculate g(8).
2
Let g(j) be the second derivative of -1/720*j**6 + 2*j - 1/12*j**4 + 0*j**3 + 0 + 1/120*j**5 + 0*j**2. Let t(n) be the third derivative of g(n). Give t(5).
-4
Let x(g) be the second derivative of -g**5/4 - g**3/6 + 20*g. Determine x(1).
-6
Let i = -13 - -8. Let b(k) = -k + 2*k + 8*k - 6 - 9*k**2 - 5*k**3. Let r(f) = -3*f**3 - 6*f**2 + 6*f - 4. Let o(j) = i*b(